{"id":81862,"date":"2025-07-25T10:41:44","date_gmt":"2025-07-25T08:41:44","guid":{"rendered":"https:\/\/yepsea.com\/evento\/balletto-di-venezia-stelle-di-domani-porto-rotondo-porto-rotondo-20-07-2025\/"},"modified":"2025-07-25T10:41:44","modified_gmt":"2025-07-25T08:41:44","slug":"ballet-de-venise-stars-of-tomorrow-porto-rotondo-porto-rotondo-20-07-2025","status":"publish","type":"tribe_events","link":"https:\/\/www.yepsea.com\/fr\/evenement\/ballet-de-venise-stars-of-tomorrow-porto-rotondo-porto-rotondo-20-07-2025\/","title":{"rendered":"Ballet de Venise - Les \u00e9toiles de demain - Porto Rotondo - 20\/07\/2025"},"content":{"rendered":"<p>Un \u00e9v\u00e9nement incontournable arrive \u00e0 Porto Rotondo : la compagnie du Balletto di Venezia pr\u00e9sente Stelle di Domani 2025 (\u00c9toiles de demain 2025), la deuxi\u00e8me \u00e9dition d'un projet c\u00e9l\u00e9brant les jeunes \u00e9toiles de la danse classique et n\u00e9oclassique internationale.<\/p>\n<p>Douze danseurs \u00e2g\u00e9s de 17 \u00e0 19 ans, s\u00e9lectionn\u00e9s parmi les meilleurs talents \u00e9mergents des acad\u00e9mies les plus prestigieuses du monde - de l'Acad\u00e9mie Princesse Grace de Monte-Carlo \u00e0 l'Accademia Teatro alla Scala de Milan, de la J.K.O. School et de l'ABT Studio Company de New York \u00e0 la Royal Ballet School de Londres, \u00e0 l'\u00c9cole de Danse de l'Op\u00e9ra de Paris et \u00e0 la Royal Swedish Ballet School de Stockholm - donneront vie \u00e0 une soir\u00e9e passionnante.<\/p>\n<p>Au programme, un r\u00e9pertoire riche et vari\u00e9 comprenant des chefs-d'\u0153uvre du ballet tels que Le Lac des Cygnes, Le Corsaire, Don Quichotte et Tarentelle, ainsi que des chor\u00e9graphies aux accents n\u00e9o-classiques.<\/p>\n<p>Un \u00e9v\u00e9nement alliant gr\u00e2ce, virtuosit\u00e9 et passion, encadr\u00e9 par l'atmosph\u00e8re \u00e9vocatrice de Porto Rotondo.<\/p>","protected":false},"excerpt":{"rendered":"<p>Un appuntamento imperdibile arriva a Porto Rotondo: la compagnia del Balletto di Venezia presenta Stelle di Domani 2025, seconda edizione di un progetto che celebra i giovani protagonisti della danza [&hellip;]<\/p>","protected":false},"author":2,"featured_media":81268,"template":"","meta":{"_tribe_events_status":"","_tribe_events_status_reason":"","footnotes":""},"tribe_events_cat":[],"class_list":["post-81862","tribe_events","type-tribe_events","status-publish","has-post-thumbnail","hentry"],"_links":{"self":[{"href":"https:\/\/www.yepsea.com\/fr\/wp-json\/wp\/v2\/tribe_events\/81862","targetHints":{"allow":["GET"]}}],"collection":[{"href":"https:\/\/www.yepsea.com\/fr\/wp-json\/wp\/v2\/tribe_events"}],"about":[{"href":"https:\/\/www.yepsea.com\/fr\/wp-json\/wp\/v2\/types\/tribe_events"}],"author":[{"embeddable":true,"href":"https:\/\/www.yepsea.com\/fr\/wp-json\/wp\/v2\/users\/2"}],"version-history":[{"count":0,"href":"https:\/\/www.yepsea.com\/fr\/wp-json\/wp\/v2\/tribe_events\/81862\/revisions"}],"wp:featuredmedia":[{"embeddable":true,"href":"https:\/\/www.yepsea.com\/fr\/wp-json\/wp\/v2\/media\/81268"}],"wp:attachment":[{"href":"https:\/\/www.yepsea.com\/fr\/wp-json\/wp\/v2\/media?parent=81862"}],"wp:term":[{"taxonomy":"tribe_events_cat","embeddable":true,"href":"https:\/\/www.yepsea.com\/fr\/wp-json\/wp\/v2\/tribe_events_cat?post=81862"}],"curies":[{"name":"wp","href":"https:\/\/api.w.org\/{rel}","templated":true}]}}

Ballet de Venise - Les étoiles de demain - Porto Rotondo - 20/07/2025

<p>Un événement incontournable arrive à Porto Rotondo : la compagnie du Balletto di Venezia présente Stelle di Domani 2025 (Étoiles de demain 2025), la deuxième édition d'un projet célébrant les jeunes étoiles de la danse classique et néoclassique internationale.</p>
<p>Douze danseurs âgés de 17 à 19 ans, sélectionnés parmi les meilleurs talents émergents des académies les plus prestigieuses du monde - de l'Académie Princesse Grace de Monte-Carlo à l'Accademia Teatro alla Scala de Milan, de la J.K.O. School et de l'ABT Studio Company de New York à la Royal Ballet School de Londres, à l'École de Danse de l'Opéra de Paris et à la Royal Swedish Ballet School de Stockholm - donneront vie à une soirée passionnante.</p>
<p>Au programme, un répertoire riche et varié comprenant des chefs-d'œuvre du ballet tels que Le Lac des Cygnes, Le Corsaire, Don Quichotte et Tarentelle, ainsi que des chorégraphies aux accents néo-classiques.</p>
<p>Un événement alliant grâce, virtuosité et passion, encadré par l'atmosphère évocatrice de Porto Rotondo.</p>
