{"id":81846,"date":"2025-07-25T10:40:55","date_gmt":"2025-07-25T08:40:55","guid":{"rendered":"https:\/\/yepsea.com\/evento\/label-market-show-in-piazza-del-carmine-cagliari-cagliari-18-07-2025\/"},"modified":"2025-07-25T10:40:55","modified_gmt":"2025-07-25T08:40:55","slug":"salon-de-letiquette-piazza-del-carmine-cagliari-cagliari-18-07-2025","status":"publish","type":"tribe_events","link":"https:\/\/www.yepsea.com\/fr\/evenement\/salon-de-letiquette-piazza-del-carmine-cagliari-cagliari-18-07-2025\/","title":{"rendered":"Salon du march\u00e9 de l'\u00e9tiquette sur la Piazza del Carmine - CAGLIARI - Cagliari - 18\/07\/2025"},"content":{"rendered":"<p>Le Label Market Show est de retour avec sa deuxi\u00e8me \u00e9tape estivale !<br \/>\nLe rendez-vous est fix\u00e9 au vendredi 18 juillet sur la Piazza del Carmine, dans le cadre de l'\u00e9v\u00e9nement \"Carmine, 2025\" promu par la municipalit\u00e9 de Cagliari.<\/p>\n<p>Une fois de plus, le format reste celui que vous aimez : une longue soir\u00e9e d\u00e9tendue parmi les stands de produits vintage, d'occasion, de cosm\u00e9tiques naturels, de plantes, d'accessoires et bien d'autres choses encore.<\/p>\n<p>Nous serons sur la place de 17h00 \u00e0 minuit, et nous vous rappelons que le troisi\u00e8me et dernier \u00e9v\u00e9nement aura lieu le samedi 9 ao\u00fbt - notez-le !<\/p>\n<p>Comme toujours, il y aura de la musique, des DJ sets et de nombreuses activit\u00e9s passionnantes, \u00e0 d\u00e9couvrir dans les prochains jours.<br \/>\nSuivez-nous pour rester inform\u00e9 !<\/p>\n<p>O\u00f9 : Piazza del Carmine - Cagliari<br \/>\n\ud83d\udcc5 Quand : vendredi 18 juillet, de 17h00 \u00e0 24h00<br \/>\n\ud83c\udf9f\ufe0f Entr\u00e9e gratuite<br \/>\n\ud83c\udf1e \u00c9v\u00e9nements en plein air<br \/>\n\ud83c\udfb6 Musique et DJ sets<br \/>\n\ud83e\udd57 Nourriture et boissons toute la journ\u00e9e<\/p>","protected":false},"excerpt":{"rendered":"<p>Torna il Label Market Show con la sua seconda tappa estiva! L&#8217;appuntamento \u00e8 per venerd\u00ec 18 luglio in Piazza del Carmine, all&#8217;interno della rassegna \u201cCarmine, 2025 promossa dal Comune di [&hellip;]<\/p>","protected":false},"author":2,"featured_media":81207,"template":"","meta":{"_tribe_events_status":"","_tribe_events_status_reason":"","footnotes":""},"tribe_events_cat":[],"class_list":["post-81846","tribe_events","type-tribe_events","status-publish","has-post-thumbnail","hentry"],"_links":{"self":[{"href":"https:\/\/www.yepsea.com\/fr\/wp-json\/wp\/v2\/tribe_events\/81846","targetHints":{"allow":["GET"]}}],"collection":[{"href":"https:\/\/www.yepsea.com\/fr\/wp-json\/wp\/v2\/tribe_events"}],"about":[{"href":"https:\/\/www.yepsea.com\/fr\/wp-json\/wp\/v2\/types\/tribe_events"}],"author":[{"embeddable":true,"href":"https:\/\/www.yepsea.com\/fr\/wp-json\/wp\/v2\/users\/2"}],"version-history":[{"count":0,"href":"https:\/\/www.yepsea.com\/fr\/wp-json\/wp\/v2\/tribe_events\/81846\/revisions"}],"wp:featuredmedia":[{"embeddable":true,"href":"https:\/\/www.yepsea.com\/fr\/wp-json\/wp\/v2\/media\/81207"}],"wp:attachment":[{"href":"https:\/\/www.yepsea.com\/fr\/wp-json\/wp\/v2\/media?parent=81846"}],"wp:term":[{"taxonomy":"tribe_events_cat","embeddable":true,"href":"https:\/\/www.yepsea.com\/fr\/wp-json\/wp\/v2\/tribe_events_cat?post=81846"}],"curies":[{"name":"wp","href":"https:\/\/api.w.org\/{rel}","templated":true}]}}

Salon du marché de l'étiquette sur la Piazza del Carmine - CAGLIARI - Cagliari - 18/07/2025

<p>Le Label Market Show est de retour avec sa deuxième étape estivale !<br />
Le rendez-vous est fixé au vendredi 18 juillet sur la Piazza del Carmine, dans le cadre de l'événement "Carmine, 2025" promu par la municipalité de Cagliari.</p>
<p>Une fois de plus, le format reste celui que vous aimez : une longue soirée détendue parmi les stands de produits vintage, d'occasion, de cosmétiques naturels, de plantes, d'accessoires et bien d'autres choses encore.</p>
<p>Nous serons sur la place de 17h00 à minuit, et nous vous rappelons que le troisième et dernier événement aura lieu le samedi 9 août - notez-le !</p>
<p>Comme toujours, il y aura de la musique, des DJ sets et de nombreuses activités passionnantes, à découvrir dans les prochains jours.<br />
Suivez-nous pour rester informé !</p>
<p>Où : Piazza del Carmine - Cagliari<br />
📅 Quand : vendredi 18 juillet, de 17h00 à 24h00<br />
🎟️ Entrée gratuite<br />
🌞 Événements en plein air<br />
🎶 Musique et DJ sets<br />
🥗 Nourriture et boissons toute la journée</p>

<p>Torna il Label Market Show con la sua seconda tappa estiva! L&#8217;appuntamento è per venerdì 18 luglio in Piazza del Carmine, all&#8217;interno della rassegna “Carmine, 2025 promossa dal Comune di [&hellip;]</p>
